{"id":1472,"date":"2025-03-15T17:28:12","date_gmt":"2025-03-15T16:28:12","guid":{"rendered":"https:\/\/www-pp.auberge-au-boeuf.com\/?page_id=1472"},"modified":"2025-11-05T11:47:33","modified_gmt":"2025-11-05T10:47:33","slug":"die-muse-2","status":"publish","type":"page","link":"https:\/\/www.auberge-au-boeuf.fr\/de\/das-hotel\/die-muse-2","title":{"rendered":"Die Zuflucht des Dichters"},"content":{"rendered":"\t\t<div data-elementor-type=\"wp-page\" data-elementor-id=\"1472\" class=\"elementor elementor-1472 elementor-1471\" data-elementor-post-type=\"page\">\n\t\t\t\t<div class=\"elementor-element elementor-element-6f062ac e-flex e-con-boxed e-con e-parent\" data-id=\"6f062ac\" data-element_type=\"container\" data-e-type=\"container\">\n\t\t\t\t\t<div class=\"e-con-inner\">\n\t\t\t\t<div class=\"elementor-element elementor-element-af1b125 elementor-widget elementor-widget-heading\" data-id=\"af1b125\" data-element_type=\"widget\" data-e-type=\"widget\" data-widget_type=\"heading.default\">\n\t\t\t\t<div class=\"elementor-widget-container\">\n\t\t\t\t\t<h3 class=\"elementor-heading-title elementor-size-default\">Eine sch\u00f6ne Anspielung auf Fr\u00e9d\u00e9rique Brion, die Tochter des Pfarrers und \"Muse\" des ber\u00fchmten Dichters Wolfgang von Goethe im Jahre 1770 in Sessenheim.<\/h3>\t\t\t\t<\/div>\n\t\t\t\t<\/div>\n\t\t\t\t\t<\/div>\n\t\t\t\t<\/div>\n\t\t<div class=\"elementor-element elementor-element-cfa657e e-flex e-con-boxed e-con e-parent\" data-id=\"cfa657e\" data-element_type=\"container\" data-e-type=\"container\">\n\t\t\t\t\t<div class=\"e-con-inner\">\n\t\t\t\t<div class=\"elementor-element elementor-element-77b8953 elementor-widget elementor-widget-image\" data-id=\"77b8953\" data-element_type=\"widget\" data-e-type=\"widget\" data-widget_type=\"image.default\">\n\t\t\t\t<div class=\"elementor-widget-container\">\n\t\t\t\t\t\t\t\t\t\t\t\t\t\t\t<img fetchpriority=\"high\" decoding=\"async\" width=\"800\" height=\"534\" src=\"https:\/\/www.auberge-au-boeuf.fr\/wp-content\/uploads\/2025\/03\/auBerge-au-Boeuf-Oree-Des-Reves-Refuge-2-1024x683.jpg\" class=\"attachment-large size-large wp-image-1482\" alt=\"\" srcset=\"https:\/\/www.auberge-au-boeuf.fr\/wp-content\/uploads\/2025\/03\/auBerge-au-Boeuf-Oree-Des-Reves-Refuge-2-1024x683.jpg 1024w, https:\/\/www.auberge-au-boeuf.fr\/wp-content\/uploads\/2025\/03\/auBerge-au-Boeuf-Oree-Des-Reves-Refuge-2-300x200.jpg 300w, https:\/\/www.auberge-au-boeuf.fr\/wp-content\/uploads\/2025\/03\/auBerge-au-Boeuf-Oree-Des-Reves-Refuge-2-768x512.jpg 768w, https:\/\/www.auberge-au-boeuf.fr\/wp-content\/uploads\/2025\/03\/auBerge-au-Boeuf-Oree-Des-Reves-Refuge-2-1536x1024.jpg 1536w, https:\/\/www.auberge-au-boeuf.fr\/wp-content\/uploads\/2025\/03\/auBerge-au-Boeuf-Oree-Des-Reves-Refuge-2.jpg 2048w\" sizes=\"(max-width: 800px) 100vw, 800px\" \/>\t\t\t\t\t\t\t\t\t\t\t\t\t\t\t<\/div>\n\t\t\t\t<\/div>\n\t\t<div class=\"elementor-element elementor-element-4e94daf e-con-full e-flex e-con e-child\" data-id=\"4e94daf\" data-element_type=\"container\" data-e-type=\"container\">\n\t\t\t\t<div class=\"elementor-element elementor-element-49be2c7 elementor-widget elementor-widget-heading\" data-id=\"49be2c7\" data-element_type=\"widget\" data-e-type=\"widget\" data-widget_type=\"heading.default\">\n\t\t\t\t<div class=\"elementor-widget-container\">\n\t\t\t\t\t<h2 class=\"elementor-heading-title elementor-size-default\">Das Zimmer<\/h2>\t\t\t\t<\/div>\n\t\t\t\t<\/div>\n\t\t\t\t<div class=\"elementor-element elementor-element-d54b673 elementor-widget elementor-widget-text-editor\" data-id=\"d54b673\" data-element_type=\"widget\" data-e-type=\"widget\" data-widget_type=\"text-editor.default\">\n\t\t\t\t<div class=\"elementor-widget-container\">\n\t\t\t\t\t\t\t\t\t<ul>\n \t<li>Zimmer mit 37 m2<\/li>\n \t<li>Eine echte Einladung zur Erholung, Ruhe und Gelassenheit<\/li>\n \t<li>Hochwertige Bettw\u00e4sche<\/li>\n \t<li>Badezimmer mit italienischer Dusche<\/li>\n \t<li>Wohnzimmer<\/li>\n \t<li>B\u00fcro<\/li>\n \t<li>Klimaanlage<\/li>\n \t<li>TV<\/li>\n \t<li>Wi-Fi<\/li>\n \t<li>Espressomaschine<\/li>\n \t<li>Mini-Bar<\/li>\n<\/ul>\t\t\t\t\t\t\t\t<\/div>\n\t\t\t\t<\/div>\n\t\t\t\t<\/div>\n\t\t\t\t\t<\/div>\n\t\t\t\t<\/div>\n\t\t<div class=\"elementor-element elementor-element-e7e330e e-flex e-con-boxed e-con e-parent\" data-id=\"e7e330e\" data-element_type=\"container\" data-e-type=\"container\">\n\t\t\t\t\t<div class=\"e-con-inner\">\n\t\t\t\t<div class=\"elementor-element elementor-element-bd44272 elementor-widget elementor-widget-heading\" data-id=\"bd44272\" data-element_type=\"widget\" data-e-type=\"widget\" data-widget_type=\"heading.default\">\n\t\t\t\t<div class=\"elementor-widget-container\">\n\t\t\t\t\t<h2 class=\"elementor-heading-title elementor-size-default\">Preise<\/h2>\t\t\t\t<\/div>\n\t\t\t\t<\/div>\n\t\t\t\t\t<\/div>\n\t\t\t\t<\/div>\n\t\t<div class=\"elementor-element elementor-element-82f7a7f e-flex e-con-boxed e-con e-parent\" data-id=\"82f7a7f\" data-element_type=\"container\" data-e-type=\"container\">\n\t\t\t\t\t<div class=\"e-con-inner\">\n\t\t<div class=\"elementor-element elementor-element-e48fb9c e-con-full e-flex e-con e-child\" data-id=\"e48fb9c\" data-element_type=\"container\" data-e-type=\"container\">\n\t\t\t\t<div class=\"elementor-element elementor-element-0a1170d elementor-widget elementor-widget-text-editor\" data-id=\"0a1170d\" data-element_type=\"widget\" data-e-type=\"widget\" data-widget_type=\"text-editor.default\">\n\t\t\t\t<div class=\"elementor-widget-container\">\n\t\t\t\t\t\t\t\t\t<p><strong>Unter der Woche: 175 \u20ac*<\/strong> (Montag bis Donnerstag und Sonntagabend)<br><strong>Wochenende: 205 \u20ac*<\/strong> (Freitag- und Samstagabend)<\/p>\t\t\t\t\t\t\t\t<\/div>\n\t\t\t\t<\/div>\n\t\t\t\t<div class=\"elementor-element elementor-element-49fb7ba elementor-widget elementor-widget-text-editor\" data-id=\"49fb7ba\" data-element_type=\"widget\" data-e-type=\"widget\" data-widget_type=\"text-editor.default\">\n\t\t\t\t<div class=\"elementor-widget-container\">\n\t\t\t\t\t\t\t\t\t<p><strong>Akzeptierte Zahlungsmittel: Bargeld, Kreditkarten, \u00dcberweisungen.<\/strong><br><em>* Preis pro Nacht (1 oder 2 Personen) zzgl. Fr\u00fchst\u00fcck: 22 \u20ac \/ Person<\/em><\/p>\t\t\t\t\t\t\t\t<\/div>\n\t\t\t\t<\/div>\n\t\t\t\t<\/div>\n\t\t<div class=\"elementor-element elementor-element-76fb7a2 e-con-full e-flex e-con e-child\" data-id=\"76fb7a2\" data-element_type=\"container\" data-e-type=\"container\">\n\t\t\t\t<div class=\"elementor-element elementor-element-beb0dac elementor-widget elementor-widget-text-editor\" data-id=\"beb0dac\" data-element_type=\"widget\" data-e-type=\"widget\" data-widget_type=\"text-editor.default\">\n\t\t\t\t<div class=\"elementor-widget-container\">\n\t\t\t\t\t\t\t\t\t<p>Zus\u00e4tzliches Zustellbett: <strong>\u20ac 25<\/strong><br>Haustiere: <strong>\u20ac 15<\/strong><\/p>\t\t\t\t\t\t\t\t<\/div>\n\t\t\t\t<\/div>\n\t\t\t\t<\/div>\n\t\t\t\t\t<\/div>\n\t\t\t\t<\/div>\n\t\t<div class=\"elementor-element elementor-element-0e821d0 e-flex e-con-boxed e-con e-parent\" data-id=\"0e821d0\" data-element_type=\"container\" data-e-type=\"container\" data-settings=\"{&quot;motion_fx_motion_fx_scrolling&quot;:&quot;yes&quot;,&quot;motion_fx_opacity_effect&quot;:&quot;yes&quot;,&quot;motion_fx_opacity_range&quot;:{&quot;unit&quot;:&quot;%&quot;,&quot;size&quot;:&quot;&quot;,&quot;sizes&quot;:{&quot;start&quot;:10,&quot;end&quot;:60}},&quot;motion_fx_opacity_direction&quot;:&quot;out-in&quot;,&quot;motion_fx_opacity_level&quot;:{&quot;unit&quot;:&quot;px&quot;,&quot;size&quot;:10,&quot;sizes&quot;:[]},&quot;motion_fx_devices&quot;:[&quot;desktop&quot;,&quot;tablet&quot;,&quot;mobile&quot;]}\">\n\t\t\t\t\t<div class=\"e-con-inner\">\n\t\t\t\t<div class=\"elementor-element elementor-element-e9f6dee elementor-widget elementor-widget-image\" data-id=\"e9f6dee\" data-element_type=\"widget\" data-e-type=\"widget\" data-widget_type=\"image.default\">\n\t\t\t\t<div class=\"elementor-widget-container\">\n\t\t\t\t\t\t\t\t\t\t\t\t\t\t\t<img decoding=\"async\" width=\"800\" height=\"534\" src=\"https:\/\/www.auberge-au-boeuf.fr\/wp-content\/uploads\/2025\/03\/auBerge-au-Boeuf-Oree-Des-Reves-Refuge-5-1024x683.jpg\" class=\"attachment-large size-large wp-image-1488\" alt=\"\" srcset=\"https:\/\/www.auberge-au-boeuf.fr\/wp-content\/uploads\/2025\/03\/auBerge-au-Boeuf-Oree-Des-Reves-Refuge-5-1024x683.jpg 1024w, https:\/\/www.auberge-au-boeuf.fr\/wp-content\/uploads\/2025\/03\/auBerge-au-Boeuf-Oree-Des-Reves-Refuge-5-300x200.jpg 300w, https:\/\/www.auberge-au-boeuf.fr\/wp-content\/uploads\/2025\/03\/auBerge-au-Boeuf-Oree-Des-Reves-Refuge-5-768x512.jpg 768w, https:\/\/www.auberge-au-boeuf.fr\/wp-content\/uploads\/2025\/03\/auBerge-au-Boeuf-Oree-Des-Reves-Refuge-5-1536x1024.jpg 1536w, https:\/\/www.auberge-au-boeuf.fr\/wp-content\/uploads\/2025\/03\/auBerge-au-Boeuf-Oree-Des-Reves-Refuge-5.jpg 2048w\" sizes=\"(max-width: 800px) 100vw, 800px\" \/>\t\t\t\t\t\t\t\t\t\t\t\t\t\t\t<\/div>\n\t\t\t\t<\/div>\n\t\t\t\t<div class=\"elementor-element elementor-element-a58a21d elementor-widget elementor-widget-image\" data-id=\"a58a21d\" data-element_type=\"widget\" data-e-type=\"widget\" data-widget_type=\"image.default\">\n\t\t\t\t<div class=\"elementor-widget-container\">\n\t\t\t\t\t\t\t\t\t\t\t\t\t\t\t<img decoding=\"async\" width=\"800\" height=\"534\" src=\"https:\/\/www.auberge-au-boeuf.fr\/wp-content\/uploads\/2025\/03\/auBerge-au-Boeuf-Oree-Des-Reves-Refuge-4-1024x683.jpg\" class=\"attachment-large size-large wp-image-1485\" alt=\"\" srcset=\"https:\/\/www.auberge-au-boeuf.fr\/wp-content\/uploads\/2025\/03\/auBerge-au-Boeuf-Oree-Des-Reves-Refuge-4-1024x683.jpg 1024w, https:\/\/www.auberge-au-boeuf.fr\/wp-content\/uploads\/2025\/03\/auBerge-au-Boeuf-Oree-Des-Reves-Refuge-4-300x200.jpg 300w, https:\/\/www.auberge-au-boeuf.fr\/wp-content\/uploads\/2025\/03\/auBerge-au-Boeuf-Oree-Des-Reves-Refuge-4-768x512.jpg 768w, https:\/\/www.auberge-au-boeuf.fr\/wp-content\/uploads\/2025\/03\/auBerge-au-Boeuf-Oree-Des-Reves-Refuge-4-1536x1024.jpg 1536w, https:\/\/www.auberge-au-boeuf.fr\/wp-content\/uploads\/2025\/03\/auBerge-au-Boeuf-Oree-Des-Reves-Refuge-4.jpg 2048w\" sizes=\"(max-width: 800px) 100vw, 800px\" \/>\t\t\t\t\t\t\t\t\t\t\t\t\t\t\t<\/div>\n\t\t\t\t<\/div>\n\t\t\t\t\t<\/div>\n\t\t\t\t<\/div>\n\t\t\t\t<\/div>\n\t\t","protected":false},"excerpt":{"rendered":"<p>Eine sch\u00f6ne Anspielung auf Fr\u00e9d\u00e9rique Brion, die Tochter des Pfarrers und &#8222;Muse&#8220; des ber\u00fchmten Dichters Wolfgang von Goethe im Jahre 1770 in Sessenheim. Das Zimmer Zimmer mit 37 m2 Eine echte Einladung zur Erholung, Ruhe und Gelassenheit Hochwertige Bettw\u00e4sche Badezimmer mit italienischer Dusche Wohnzimmer B\u00fcro Klimaanlage TV Wi-Fi Espressomaschine Mini-Bar Preise Unter der Woche: 175 [&hellip;]<\/p>\n","protected":false},"author":1,"featured_media":0,"parent":1249,"menu_order":0,"comment_status":"closed","ping_status":"closed","template":"","meta":{"_acf_changed":false,"footnotes":""},"type-page":[26],"class_list":["post-1472","page","type-page","status-publish","hentry","type-page-hotel"],"acf":[],"_links":{"self":[{"href":"https:\/\/www.auberge-au-boeuf.fr\/de\/wp-json\/wp\/v2\/pages\/1472","targetHints":{"allow":["GET"]}}],"collection":[{"href":"https:\/\/www.auberge-au-boeuf.fr\/de\/wp-json\/wp\/v2\/pages"}],"about":[{"href":"https:\/\/www.auberge-au-boeuf.fr\/de\/wp-json\/wp\/v2\/types\/page"}],"author":[{"embeddable":true,"href":"https:\/\/www.auberge-au-boeuf.fr\/de\/wp-json\/wp\/v2\/users\/1"}],"replies":[{"embeddable":true,"href":"https:\/\/www.auberge-au-boeuf.fr\/de\/wp-json\/wp\/v2\/comments?post=1472"}],"version-history":[{"count":6,"href":"https:\/\/www.auberge-au-boeuf.fr\/de\/wp-json\/wp\/v2\/pages\/1472\/revisions"}],"predecessor-version":[{"id":1897,"href":"https:\/\/www.auberge-au-boeuf.fr\/de\/wp-json\/wp\/v2\/pages\/1472\/revisions\/1897"}],"up":[{"embeddable":true,"href":"https:\/\/www.auberge-au-boeuf.fr\/de\/wp-json\/wp\/v2\/pages\/1249"}],"wp:attachment":[{"href":"https:\/\/www.auberge-au-boeuf.fr\/de\/wp-json\/wp\/v2\/media?parent=1472"}],"wp:term":[{"taxonomy":"type-page","embeddable":true,"href":"https:\/\/www.auberge-au-boeuf.fr\/de\/wp-json\/wp\/v2\/type-page?post=1472"}],"curies":[{"name":"wp","href":"https:\/\/api.w.org\/{rel}","templated":true}]}}

<div data-elementor-type="wp-page" data-elementor-id="1472" class="elementor elementor-1472 elementor-1471" data-elementor-post-type="page">
				<div class="elementor-element elementor-element-6f062ac e-flex e-con-boxed e-con e-parent" data-id="6f062ac" data-element_type="container" data-e-type="container">
					<div class="e-con-inner">
				<div class="elementor-element elementor-element-af1b125 elementor-widget elementor-widget-heading" data-id="af1b125" data-element_type="widget" data-e-type="widget" data-widget_type="heading.default">
				<div class="elementor-widget-container">
					<h3 class="elementor-heading-title elementor-size-default">Eine schöne Anspielung auf Frédérique Brion, die Tochter des Pfarrers und "Muse" des berühmten Dichters Wolfgang von Goethe im Jahre 1770 in Sessenheim.</h3>				</div>
				</div>
					</div>
				</div>
		<div class="elementor-element elementor-element-cfa657e e-flex e-con-boxed e-con e-parent" data-id="cfa657e" data-element_type="container" data-e-type="container">
					<div class="e-con-inner">
				<div class="elementor-element elementor-element-77b8953 elementor-widget elementor-widget-image" data-id="77b8953" data-element_type="widget" data-e-type="widget" data-widget_type="image.default">
				<div class="elementor-widget-container">
															<img fetchpriority="high" decoding="async" width="800" height="534" src="https://www.auberge-au-boeuf.fr/wp-content/uploads/2025/03/auBerge-au-Boeuf-Oree-Des-Reves-Refuge-2-1024x683.jpg" class="attachment-large size-large wp-image-1482" alt="" srcset="https://www.auberge-au-boeuf.fr/wp-content/uploads/2025/03/auBerge-au-Boeuf-Oree-Des-Reves-Refuge-2-1024x683.jpg 1024w, https://www.auberge-au-boeuf.fr/wp-content/uploads/2025/03/auBerge-au-Boeuf-Oree-Des-Reves-Refuge-2-300x200.jpg 300w, https://www.auberge-au-boeuf.fr/wp-content/uploads/2025/03/auBerge-au-Boeuf-Oree-Des-Reves-Refuge-2-768x512.jpg 768w, https://www.auberge-au-boeuf.fr/wp-content/uploads/2025/03/auBerge-au-Boeuf-Oree-Des-Reves-Refuge-2-1536x1024.jpg 1536w, https://www.auberge-au-boeuf.fr/wp-content/uploads/2025/03/auBerge-au-Boeuf-Oree-Des-Reves-Refuge-2.jpg 2048w" sizes="(max-width: 800px) 100vw, 800px" />															</div>
				</div>
		<div class="elementor-element elementor-element-4e94daf e-con-full e-flex e-con e-child" data-id="4e94daf" data-element_type="container" data-e-type="container">
				<div class="elementor-element elementor-element-49be2c7 elementor-widget elementor-widget-heading" data-id="49be2c7" data-element_type="widget" data-e-type="widget" data-widget_type="heading.default">
				<div class="elementor-widget-container">
					<h2 class="elementor-heading-title elementor-size-default">Das Zimmer</h2>				</div>
				</div>
				<div class="elementor-element elementor-element-d54b673 elementor-widget elementor-widget-text-editor" data-id="d54b673" data-element_type="widget" data-e-type="widget" data-widget_type="text-editor.default">
				<div class="elementor-widget-container">
									<ul>
 	<li>Zimmer mit 37 m2</li>
 	<li>Eine echte Einladung zur Erholung, Ruhe und Gelassenheit</li>
 	<li>Hochwertige Bettwäsche</li>
 	<li>Badezimmer mit italienischer Dusche</li>
 	<li>Wohnzimmer</li>
 	<li>Büro</li>
 	<li>Klimaanlage</li>
 	<li>TV</li>
 	<li>Wi-Fi</li>
 	<li>Espressomaschine</li>
 	<li>Mini-Bar</li>
</ul>								</div>
				</div>
				</div>
					</div>
				</div>
		<div class="elementor-element elementor-element-e7e330e e-flex e-con-boxed e-con e-parent" data-id="e7e330e" data-element_type="container" data-e-type="container">
					<div class="e-con-inner">
				<div class="elementor-element elementor-element-bd44272 elementor-widget elementor-widget-heading" data-id="bd44272" data-element_type="widget" data-e-type="widget" data-widget_type="heading.default">
				<div class="elementor-widget-container">
					<h2 class="elementor-heading-title elementor-size-default">Preise</h2>				</div>
				</div>
					</div>
				</div>
		<div class="elementor-element elementor-element-82f7a7f e-flex e-con-boxed e-con e-parent" data-id="82f7a7f" data-element_type="container" data-e-type="container">
					<div class="e-con-inner">
		<div class="elementor-element elementor-element-e48fb9c e-con-full e-flex e-con e-child" data-id="e48fb9c" data-element_type="container" data-e-type="container">
				<div class="elementor-element elementor-element-0a1170d elementor-widget elementor-widget-text-editor" data-id="0a1170d" data-element_type="widget" data-e-type="widget" data-widget_type="text-editor.default">
				<div class="elementor-widget-container">
									<p><strong>Unter der Woche: 175 €*</strong> (Montag bis Donnerstag und Sonntagabend)<br><strong>Wochenende: 205 €*</strong> (Freitag- und Samstagabend)</p>								</div>
				</div>
				<div class="elementor-element elementor-element-49fb7ba elementor-widget elementor-widget-text-editor" data-id="49fb7ba" data-element_type="widget" data-e-type="widget" data-widget_type="text-editor.default">
				<div class="elementor-widget-container">
									<p><strong>Akzeptierte Zahlungsmittel: Bargeld, Kreditkarten, Überweisungen.</strong><br><em>* Preis pro Nacht (1 oder 2 Personen) zzgl. Frühstück: 22 € / Person</em></p>								</div>
				</div>
				</div>
		<div class="elementor-element elementor-element-76fb7a2 e-con-full e-flex e-con e-child" data-id="76fb7a2" data-element_type="container" data-e-type="container">
				<div class="elementor-element elementor-element-beb0dac elementor-widget elementor-widget-text-editor" data-id="beb0dac" data-element_type="widget" data-e-type="widget" data-widget_type="text-editor.default">
				<div class="elementor-widget-container">
									<p>Zusätzliches Zustellbett: <strong>€ 25</strong><br>Haustiere: <strong>€ 15</strong></p>								</div>
				</div>
				</div>
					</div>
				</div>
		<div class="elementor-element elementor-element-0e821d0 e-flex e-con-boxed e-con e-parent" data-id="0e821d0" data-element_type="container" data-e-type="container" data-settings="{&quot;motion_fx_motion_fx_scrolling&quot;:&quot;yes&quot;,&quot;motion_fx_opacity_effect&quot;:&quot;yes&quot;,&quot;motion_fx_opacity_range&quot;:{&quot;unit&quot;:&quot;%&quot;,&quot;size&quot;:&quot;&quot;,&quot;sizes&quot;:{&quot;start&quot;:10,&quot;end&quot;:60}},&quot;motion_fx_opacity_direction&quot;:&quot;out-in&quot;,&quot;motion_fx_opacity_level&quot;:{&quot;unit&quot;:&quot;px&quot;,&quot;size&quot;:10,&quot;sizes&quot;:[]},&quot;motion_fx_devices&quot;:[&quot;desktop&quot;,&quot;tablet&quot;,&quot;mobile&quot;]}">
					<div class="e-con-inner">
				<div class="elementor-element elementor-element-e9f6dee elementor-widget elementor-widget-image" data-id="e9f6dee" data-element_type="widget" data-e-type="widget" data-widget_type="image.default">
				<div class="elementor-widget-container">
															<img decoding="async" width="800" height="534" src="https://www.auberge-au-boeuf.fr/wp-content/uploads/2025/03/auBerge-au-Boeuf-Oree-Des-Reves-Refuge-5-1024x683.jpg" class="attachment-large size-large wp-image-1488" alt="" srcset="https://www.auberge-au-boeuf.fr/wp-content/uploads/2025/03/auBerge-au-Boeuf-Oree-Des-Reves-Refuge-5-1024x683.jpg 1024w, https://www.auberge-au-boeuf.fr/wp-content/uploads/2025/03/auBerge-au-Boeuf-Oree-Des-Reves-Refuge-5-300x200.jpg 300w, https://www.auberge-au-boeuf.fr/wp-content/uploads/2025/03/auBerge-au-Boeuf-Oree-Des-Reves-Refuge-5-768x512.jpg 768w, https://www.auberge-au-boeuf.fr/wp-content/uploads/2025/03/auBerge-au-Boeuf-Oree-Des-Reves-Refuge-5-1536x1024.jpg 1536w, https://www.auberge-au-boeuf.fr/wp-content/uploads/2025/03/auBerge-au-Boeuf-Oree-Des-Reves-Refuge-5.jpg 2048w" sizes="(max-width: 800px) 100vw, 800px" />															</div>
				</div>
				<div class="elementor-element elementor-element-a58a21d elementor-widget elementor-widget-image" data-id="a58a21d" data-element_type="widget" data-e-type="widget" data-widget_type="image.default">
				<div class="elementor-widget-container">
															<img decoding="async" width="800" height="534" src="https://www.auberge-au-boeuf.fr/wp-content/uploads/2025/03/auBerge-au-Boeuf-Oree-Des-Reves-Refuge-4-1024x683.jpg" class="attachment-large size-large wp-image-1485" alt="" srcset="https://www.auberge-au-boeuf.fr/wp-content/uploads/2025/03/auBerge-au-Boeuf-Oree-Des-Reves-Refuge-4-1024x683.jpg 1024w, https://www.auberge-au-boeuf.fr/wp-content/uploads/2025/03/auBerge-au-Boeuf-Oree-Des-Reves-Refuge-4-300x200.jpg 300w, https://www.auberge-au-boeuf.fr/wp-content/uploads/2025/03/auBerge-au-Boeuf-Oree-Des-Reves-Refuge-4-768x512.jpg 768w, https://www.auberge-au-boeuf.fr/wp-content/uploads/2025/03/auBerge-au-Boeuf-Oree-Des-Reves-Refuge-4-1536x1024.jpg 1536w, https://www.auberge-au-boeuf.fr/wp-content/uploads/2025/03/auBerge-au-Boeuf-Oree-Des-Reves-Refuge-4.jpg 2048w" sizes="(max-width: 800px) 100vw, 800px" />															</div>
				</div>
					</div>
				</div>
				</div>

<p>Eine schöne Anspielung auf Frédérique Brion, die Tochter des Pfarrers und &#8222;Muse&#8220; des berühmten Dichters Wolfgang von Goethe im Jahre 1770 in Sessenheim. Das Zimmer Zimmer mit 37 m2 Eine echte Einladung zur Erholung, Ruhe und Gelassenheit Hochwertige Bettwäsche Badezimmer mit italienischer Dusche Wohnzimmer Büro Klimaanlage TV Wi-Fi Espressomaschine Mini-Bar Preise Unter der Woche: 175 [&hellip;]</p>
